f s?
7
Let v(g) = 1 - g**2 - g + 0*g + 0*g. Let h be v(0). Suppose -2*c + 5 = h. What are the prime factors of c?
2
What are the prime factors of 2 - (5 - 6)/((-3)/(-393))?
7, 19
Let w = 3 + 5. List the prime factors of w.
2
Suppose 2*z + 0*z - 6 = 0. Suppose -z*i + t = -13, -i - 3 = 2*t - 5. What are the prime factors of (-60)/(-9)*(i + -1)?
2, 5
Suppose 3*m = 3*j + j - 105, 2 = 2*m. Suppose p = -3*p + 72. Let a = j - p. List the prime factors of a.
3
Let n be ((-4)/(-5))/(2/(-20)). Let j = n - -13. List the prime factors of (6/15)/(1/j).
2
Let w = 6 + -1. Let k(a) = -a**2 + 12*a + 1. Let z be k(w). Let h = z - 14. List the prime factors of h.
2, 11
Let v(h) = h**3 + 12*h**2 + 3. Suppose -2*a - c = -2*c + 29, 3*a - 4*c = -56. What are the prime factors of v(a)?
3
Let v = 6 + -6. Suppose v = -z + 5*z - 124. List the prime factors of z.
31
Let j = -4 - -2. Let w be -9*(1 + j) + 3. Let q = -4 + w. List the prime factors of q.
2
Suppose -70*h = -66*h - 1284. List the prime factors of h.
3, 107
Suppose 0 = -q - 4*q + 5*p + 155, 0 = -4*p + 20. Suppose c - q = -2*c. List the prime factors of c.
2, 3
Let b(v) = 2*v**3 - 5*v**2 - 2*v - 9. What are the prime factors of b(4)?
31
Suppose 5*z + z = 942. List the prime factors of z.
157
Suppose p + 2*z - 146 = -45, -411 = -4*p - z. What are the prime factors of p?
103
Let l = -390 + 589. List the prime factors of l.
199
Let p(u) = -u**2 - 5*u - 5. Let n(c) = 3*c + 3. Let a(k) = -5*n(k) - 3*p(k). What are the prime factors of a(-1)?
3
Let k be (-48)/(-20) - 4/10. Suppose 5*r = 3*o + 20, -k*o - o = -3*r + 6. Let h = -1 + r. List the prime factors of h.
2, 3
Let n(m) be the second derivative of -m**3/3 - 7*m**2/2 + 2*m. What are the prime factors of n(-9)?
11
Suppose -2*x = 3 + 5. Let t(n) = -3*n - 1. What are the prime factors of t(x)?
11
Suppose 3*l = 6*l + 15. Let o = l + 8. List the prime factors of o.
3
Let v(u) = 4*u**2 - 7*u + 15. List the prime factors of v(5).
2, 5
Let t(r) = -r**3 - 2*r**2 + 3*r - 3. Let q be t(-3). Let g = 6 - q. List the prime factors of g.
3
Suppose 5*o - 6 = -2*u + 14, -u = 0. Suppose -4*s + 5*y + 10 = -s, 0 = o*s - y - 36. List the prime factors of s.
2, 5
Let i = 8 - 6. Let w(q) = -q**3 - 6*q**2 - 5*q + 5. Let o be w(-5). Suppose -i*a = h - 0*a + 1, -o*h - 3*a + 9 = 0. List the prime factors of h.
3
Let f be ((-12)/(-10))/((-9)/(-60)). List the prime factors of f/4 - (-6)/1.
2
What are the prime factors of -16 + 17 + (-36)/(-1)?
37
Let m = 3 - -4. Suppose 28 + m = 5*i. What are the prime factors of i?
7
Let w = 21 - 2. What are the prime factors of w?
19
Let s be (0 - 0)*6/(-12). Suppose 2*h - 49 - 13 = s. What are the prime factors of h?
31
Let v = -41 + 156. What are the prime factors of v/3 - (-6)/9?
3, 13
Let x = -2 - -5. Suppose -5 = -2*w - u, -x*w = 2*u + 1 - 9. Suppose 0 = -t - 2*z + 13, -t = -3*t + 3*z - w. List the prime factors of t.
5
Let m = -3 - -10. Let s(u) = 2*u - 5. What are the prime factors of s(m)?
3
Let l be (-6)/(-4) - 1/(-2). Suppose -11*v = 12 - 144. Suppose -l*j = -6*j + v. List the prime factors of j.
3
Let x(a) = -a**3 + 6*a**2 + 4*a + 5. List the prime factors of x(6).
29
Suppose 4*x = -2*q + 24, 2*q + q - 5*x - 14 = 0. Suppose -q*i + 90 = -3*i. What are the prime factors of i?
2, 3
Let i = -1 - -6. Suppose -3*n = i - 26. List the prime factors of n.
7
Let r be (1 - 1) + 1 - -2. Suppose -4*n + 5*f - 58 + 139 = 0, n - 27 = -f. Suppose 3*m - n = m + 3*q, -31 = -r*m + 2*q. List the prime factors of m.
3
Let g(j) = j**2 + 4*j - 6. List the prime factors of g(5).
3, 13
Let p = 3 - 0. What are the prime factors of (p/(-1))/(-3)*10?
2, 5
Let y(m) be the third derivative of -m**4/12 + 4*m**3/3 - m**2. Let k be y(6). Let f = k + 9. What are the prime factors of f?
5
Let u(r) = r**3 + 3*r**2 + r. Let w be u(-2). Let k(l) = 25 + 2*l**3 - 23 - 4*l**2 - l + 3*l**2 + 0*l**2. List the prime factors of k(w).
2, 3
Let a(v) = -v**3 + 2*v**2 + 2*v - 2. List the prime factors of a(-3).
37
Suppose u - 43 = 4*z - 13, 5*u = z + 150. What are the prime factors of u?
2, 3, 5
Let d be 2/(21/(-27) + 1). Suppose -o + 9 + d = 0. What are the prime factors of o?
2, 3
Let m = -328 + 494. What are the prime factors of m?
2, 83
Suppose -5*o - 17 = -237. What are the prime factors of o?
2, 11
Suppose -2*x - 3*t = -59, 2*x + t = 20 + 29. What are the prime factors of x?
2, 11
Let d(f) = -3*f + 6. List the prime factors of d(0).
2, 3
Suppose -1 = -5*j + 19. List the prime factors of j.
2
Let k(z) = -5*z**3 - 3*z**2 + z + 2. Let i be -5*(2 - (-16)/(-10)). Let u be k(i). Suppose -4 = 2*f - u. List the prime factors of f.
2, 3
List the prime factors of (-24)/40 - 2/(30/(-2829)).
2, 47
Let g(u) = -u - 1. Let t(r) = 5*r - 3. Let i(s) = g(s) + t(s). List the prime factors of i(6).
2, 5
Let q = -17 + 21. Suppose -3*b = q*t - 104, 2*b + 5*t = -2*b + 140. List the prime factors of b.
2, 5
Let y be (-6)/(((-15)/(-2))/(-5)). Suppose 3*b = y*b - 17. What are the prime factors of b?
17
Suppose 0 = 2*i + 5*u - 30, u - 104 = -5*i + 3*u. Let f = 60 - i. List the prime factors of f.
2, 5
Suppose 3*r - b - 254 = 264, 0 = r - 3*b - 186. What are the prime factors of r?
3, 19
Let o be ((-10)/(-6))/(5/15). Suppose h + 3*h + 132 = 4*f, h = o*f - 149. List the prime factors of f.
29
Let n(y) = y**3 + 3*y**2 + 2*y. Let j be n(-2). Let p(d) = d**2 - 3*d - 3. Let r be p(4). Suppose -q - r + 6 = j. List the prime factors of q.
5
Let v = -392 - -565. What are the prime factors of v?
173
Let j(v) = -v**3 - 10*v**2 - 2*v - 19 + 9*v - 19*v. What are the prime factors of j(-9)?
2
Let h(r) = -2*r**2 - 4*r - 4. Let b be h(-3). Let k = b + 12. Let x(m) = 4*m**3 - 3*m**2 + 2. What are the prime factors of x(k)?
2, 11
Suppose 3*f + 2*p - 12 = -f, 7 = -f - 3*p. Suppose -4*c + 29 = 5*q, -q + 6 = f*c - 4*c. What are the prime factors of q?
5
Suppose 5*t - 5*u - 45 = 0, t - u - 3*u - 21 = 0. Suppose -5*v = -3*h + t, -15 = 3*h - 6*h. Suppose -v - 4 = -2*o. List the prime factors of o.
3
Let m(b) = b**3 - 6*b**2 - 5*b - 9. Let g be m(7). Suppose -3*f + 1 = -g. Suppose f*l - 1 - 3 = 0. What are the prime factors of l?
2
List the prime factors of (-205)/(-7) + (-2)/7.
29
Let f = 4 + -1. Suppose 8*j - f*j = 10. Suppose -z + j*p = 4*p - 17, 5*p - 70 = -5*z. What are the prime factors of z?
11
Let k = -11 - -14. What are the prime factors of k/15 + 72/15?
5
Suppose g - 6*g = 0. Suppose g*h + 4*h - 88 = 0. List the prime factors of h.
2, 11
Suppose 0 = -s + 2*s - 83. What are the prime factors of s?
83
Suppose 3*j - 5*p = 18, -j + 3*j - 4*p - 14 = 0. What are the prime factors of (2 - j - 3) + 14?
2, 3
Suppose 76 + 116 = 4*n. List the prime factors of n.
2, 3
Let s(b) = -b**3 - 3*b**2 + 3. Let h be s(-3). What are the prime factors of 9 + -2 + h/(-3)?
2, 3
Let h be 2/4*0/4. Suppose h = 3*d, -3*p - 2*d + 22 = -14. What are the prime factors of p?
2, 3
Suppose 0 = 5*v + 18 + 42. Let d = 6 + 18. Let k = v + d. What are the prime factors of k?
2, 3
Suppose t + 10 = 2. Let n(z) = 7*z - 11. Let v(y) = -y. Let x(m) = -n(m) - 6*v(m). List the prime factors of x(t).
19
Suppose 0 = 4*v + 6 - 26. Suppose -27 = -4*c + v. What are the prime factors of 1/3 - c/(-3)?
3
Let p(r) = r**2 + r + 12. Suppose z = -z. List the prime factors of p(z).
2, 3
Suppose 2*n + 2*o + 10 = 0, -2*o = 5*n - n + 16. Let b be 0 + (-2 - -1)*n. Suppose -b*d - 1 = -49. What are the prime factors of d?
2
Let v be (0 - (-10)/(-4))*-2. Suppose 5*y + 3*b = 31, -y - 4*b = -3*b - v. What are the prime factors of y?
2
Let c = -30 - -65. What are the prime factors of c?
5, 7
Let m(l) = l + 12. Let p(r) = -r - 11. Let y(t) = -5*m(t) - 6*p(t). List the prime factors of y(6).
2, 3
Let c(h) be the first derivative of h**4/4 + 3*h**3 + 5*h + 2. Let p be c(-9). Suppose p*f - 2*f = 27. List the prime factors of f.
3
Let n = -238 - -371. List the prime factors of n.
7, 19
Suppose 0*t + t = 22. Let u = 36 - t. List the prime factors of u.
2, 7
Let g be 1*(-1 + 2 - 1). Let d be -1 + g + -2 + 1. Let c(q) = -5*q. List the prime factors of c(d).
2, 5
Let o(t) = 59*t - 8. What are the prime factors of o(2)?
2, 5, 11
Let q = -6 + 11. Let t = -4 + q. Let h = 3 - t. List the prime factors of h.
2
List the prime factors of -2*(-1 + (-279)/6).
5, 19
Let i(h) = -2*h**3 + 3*h**2 + 4*h - 2. Let w 